{"id":167,"date":"2019-11-15T04:27:06","date_gmt":"2019-11-15T03:27:06","guid":{"rendered":"http:\/\/felix-leroy.com\/?page_id=167"},"modified":"2023-10-11T15:19:28","modified_gmt":"2023-10-11T13:19:28","slug":"news","status":"publish","type":"page","link":"https:\/\/felix-leroy.com\/index.php\/news\/","title":{"rendered":"News"},"content":{"rendered":"\n<p><strong>Fall<\/strong> <strong>2023<\/strong><\/p>\n\n\n\n<p>Publication of the lab first research article.<\/p>\n\n\n\n<p><strong>Corticotropin-releasing hormone signaling from prefrontal cortex to lateral septum suppresses interaction with familiar mice.<\/strong><\/p>\n\n\n\n<p><a href=\"https:\/\/authors.elsevier.com\/a\/1hiFbL7PXmdU4\" data-type=\"link\" data-id=\"https:\/\/authors.elsevier.com\/a\/1hiFbL7PXmdU4\">Noelia Sofia de Le\u00f3n Reyes, Paula Sierra D\u00edaz, Ramon Nogueira, Antonia Ruiz-Pino, Yuki Nomura, Christopher de Solis, Jay Schulkin, Arun Asok, F\u00e9lix Leroy<\/a><\/p>\n\n\n\n<p><em> Cell.<\/em> 2023. doi:10.1016\/j.cell.2023.08.010<\/p>\n\n\n\n<div data-wp-interactive=\"core\/file\" class=\"wp-block-file\"><object data-wp-bind--hidden=\"!state.hasPdfPreview\" hidden class=\"wp-block-file__embed\" data=\"https:\/\/felix-leroy.com\/wp-content\/uploads\/2023\/09\/de-Leon-Reyes-et-al.-2023.pdf\" type=\"application\/pdf\" style=\"width:100%;height:600px\" aria-label=\"Embed of de-Leon-Reyes-et-al.-2023.\"><\/object><a id=\"wp-block-file--media-bbdd5844-f57a-412b-952b-c7b5fa824067\" href=\"https:\/\/felix-leroy.com\/wp-content\/uploads\/2023\/09\/de-Leon-Reyes-et-al.-2023.pdf\">de-Leon-Reyes-et-al.-2023<\/a><a href=\"https:\/\/felix-leroy.com\/wp-content\/uploads\/2023\/09\/de-Leon-Reyes-et-al.-2023.pdf\" class=\"wp-block-file__button wp-element-button\" download aria-describedby=\"wp-block-file--media-bbdd5844-f57a-412b-952b-c7b5fa824067\">Download<\/a><\/div>\n\n\n\n<figure class=\"wp-block-embed is-type-video is-provider-youtube wp-block-embed-youtube wp-embed-aspect-16-9 wp-has-aspect-ratio\"><div class=\"wp-block-embed__wrapper\">\n<iframe loading=\"lazy\" title=\"La liberaci\u00f3n de la hormona CRH contribuye a generar la preferencia por la novedad social\" width=\"525\" height=\"295\" src=\"https:\/\/www.youtube.com\/embed\/rA5iJJneS8Q?feature=oembed\" frameborder=\"0\" allow=\"accelerometer; autoplay; clipboard-write; encrypted-media; gyroscope; picture-in-picture; web-share\" referrerpolicy=\"strict-origin-when-cross-origin\" allowfullscreen><\/iframe>\n<\/div><\/figure>\n\n\n\n<p>Radio <a href=\"https:\/\/www.apuntmedia.es\/programes\/el-rall\/04-10-2023-rall-diari-t5_135_1649457.\" data-type=\"link\" data-id=\"https:\/\/www.apuntmedia.es\/programes\/el-rall\/04-10-2023-rall-diari-t5_135_1649457.\">interview<\/a> on local radio in Valencian (from 32&#8242;)<\/p>\n\n\n\n<p>Radio <a href=\"https:\/\/www.cope.es\/programas\/la-tarde\/audios\/escucha-tarde-05-09-2023-18h-19h-20230905_2337806\" data-type=\"link\" data-id=\"https:\/\/www.cope.es\/programas\/la-tarde\/audios\/escucha-tarde-05-09-2023-18h-19h-20230905_2337806\">interview<\/a> on national radio in Spanish (from 13&#8242;)<\/p>\n\n\n\n<p><strong>Summer<\/strong> <strong>2023<\/strong><\/p>\n\n\n\n<p>Invited to present at a symposium on the septum during the 50th European Brain and Behavior Foundation (EBBF) meeting in Amsterdam.<\/p>\n\n\n\n<p>Filing of a patent entitled &#8220;CRHR1 agonists for use in the treatment of social anxiety\u00a0disorders&#8221;.<\/p>\n\n\n\n<p>Recipient of the grant: Proyectos de Generaci\u00f3n de Conocimiento (PID2022-141262NA-I00, 250 000 \u20ac + 4 year PhD stipend) from the Spanish investigation agency.<\/p>\n\n\n\n<p><strong>Spring<\/strong> <strong>2023<\/strong><\/p>\n\n\n\n<p>Recipient of the grant: Ayudas para Incentivar la Consolidaci\u00f3n Investigadora (CNS2022-135403, 200 000 \u20ac) from the Spanish investigation agency.<\/p>\n\n\n\n<p><strong>Fall<\/strong> <strong>2021<\/strong><\/p>\n\n\n\n<p>Organization of a conference on social behavior in rodents in Alicante, October 7th-8th of 2021. See new tab presenting this event. Call for travel awards to be announced.<\/p>\n\n\n\n<p><strong>Fall<\/strong> <strong>2020<\/strong><\/p>\n\n\n\n<p>New position as principal investigator of the <a href=\"http:\/\/in.umh-csic.es\/grupos-detalle.aspx?grupo=66\" data-type=\"URL\" data-id=\"http:\/\/in.umh-csic.es\/grupos-detalle.aspx?grupo=66\" target=\"_blank\" rel=\"noreferrer noopener\">cognition and social behavior laboratory<\/a> at the Instituto de Neurociencias de Alicante.<\/p>\n\n\n\n<p>Oliva A, Fern\u00e1ndez-Ruiz A, Leroy F, Siegelbaum SA. <em><a rel=\"noreferrer noopener\" href=\"https:\/\/www.nature.com\/articles\/s41586-020-2758-y\" target=\"_blank\">Hippocampal CA2 sharp-wave ripples reactivate and promote social memory<\/a><\/em>. <em>Nature<\/em> 2020 Nov;587(7833):264-269. PMID: 32968277<\/p>\n\n\n\n<p><strong>Summer<\/strong> <strong>2020<\/strong><\/p>\n\n\n\n<p>Recipient of a <a rel=\"noreferrer noopener\" href=\"https:\/\/www.d-bruselas.csic.es\/en\/news\/seven-erc-stgrant-awarded-to-the-csic\/\" data-type=\"URL\" data-id=\"https:\/\/www.d-bruselas.csic.es\/en\/news\/seven-erc-stgrant-awarded-to-the-csic\/\" target=\"_blank\">starting investigator grant<\/a> from the European Research Council to study the neural circuits regulating motivated behaviors and particularly social interactions. Press release <a rel=\"noreferrer noopener\" href=\"https:\/\/novaciencia.es\/dos-proyectos-de-la-umh-entre-los-siete-del-csic-que-han-recibido-las-ayudas-starting-grant\/\" data-type=\"URL\" data-id=\"https:\/\/novaciencia.es\/dos-proyectos-de-la-umh-entre-los-siete-del-csic-que-han-recibido-las-ayudas-starting-grant\/\" target=\"_blank\">here<\/a> and  <a rel=\"noreferrer noopener\" href=\"https:\/\/sciencebusiness.net\/network-updates\/csic-obtains-seven-erc-starting-grants-study-evolution-animals-human-brain-and\" data-type=\"URL\" data-id=\"https:\/\/sciencebusiness.net\/network-updates\/csic-obtains-seven-erc-starting-grants-study-evolution-animals-human-brain-and\" target=\"_blank\">here<\/a>.<\/p>\n\n\n\n<p>Recipient of a <a rel=\"noreferrer noopener\" href=\"http:\/\/gentalent.gva.es\/en\/cidegent\/2020\/-\/asset_publisher\/oxSNSDz6mkha\/content\/felix-leroy?redirect=http%3A%2F%2Fgentalent.gva.es%2Fes%2Fcidegent%2F2020%3Fp_p_id%3D101_INSTANCE_oxSNSDz6mkha%26p_p_lifecycle%3D0%26p_p_state%3Dnormal%26p_p_mode%3Dview%26p_p_col_id%3Dcolumn-1%26p_p_col_count%3D1\" data-type=\"URL\" data-id=\"http:\/\/gentalent.gva.es\/en\/cidegent\/2020\/-\/asset_publisher\/oxSNSDz6mkha\/content\/felix-leroy?redirect=http%3A%2F%2Fgentalent.gva.es%2Fes%2Fcidegent%2F2020%3Fp_p_id%3D101_INSTANCE_oxSNSDz6mkha%26p_p_lifecycle%3D0%26p_p_state%3Dnormal%26p_p_mode%3Dview%26p_p_col_id%3Dcolumn-1%26p_p_col_count%3D1\" target=\"_blank\">CIDEGENT grant<\/a> from the Generalitat Valencia. Press release <a href=\"https:\/\/www.levante-emv.com\/comunitat-valenciana\/2020\/10\/13\/plan-gent-ficha-18-nuevos-18334790.html\" data-type=\"URL\" data-id=\"https:\/\/www.levante-emv.com\/comunitat-valenciana\/2020\/10\/13\/plan-gent-ficha-18-nuevos-18334790.html\" target=\"_blank\" rel=\"noreferrer noopener\">here<\/a>. <\/p>\n\n\n\n<p>Recipient of a HALLAS-M\u00d8LLER emerging investigator grant from the NOVO-NORDISK foundation (declined).<\/p>\n\n\n\n<p>Recipient of a Ramon y Cajal grant (declined).<\/p>\n\n\n\n<p><strong>December 2019<\/strong><\/p>\n\n\n\n<p>December 9th: Invited speaker at the University of Edinburgh<\/p>\n\n\n\n<p>December 18th: Invited speaker at the Cajal Institute, Madrid<\/p>\n\n\n\n<p>December 19-20th: Invited speaker at the Neuroscience institute of Alicante. Awarded for best oral presentation<\/p>\n\n\n\n<p><strong>October 2019<\/strong><\/p>\n\n\n\n<p>Attending the Society for neuroscience meeting in Chicago. I will present a poster entitled: VIP neurons support CA2 input-timing dependent plasticity and social memory in hippocampal CA2 region<\/p>\n\n\n\n<p>Attending the Columbia University post-doc symposium. I will present a poster entitled: VIP neurons in hippocampal CA2 support input-timing dependent plasticity and social memory through enkephalin release.<\/p>\n\n\n\n<div class=\"wp-block-group\"><div class=\"wp-block-group__inner-container is-layout-flow wp-block-group-is-layout-flow\">\n<p><strong>September 2019<\/strong><\/p>\n\n\n\n<p>Recipient of the <a href=\"https:\/\/www.bbrfoundation.org\/grants-prizes\/grants\">NARSAD Young investigator grant<\/a> from the Brain and Behavior foundation.<\/p>\n<\/div><\/div>\n\n\n\n<p><strong>June 2019<\/strong><\/p>\n\n\n\n<p>Attending the <a href=\"http:\/\/hippo.euroconferences.org\/latest-info.html\">Spring hippocampal meeting<\/a> in Taormina. I will give a talk entitled: Divergent hippocampal CA2 circuits to control social memory or social aggression.<\/p>\n","protected":false},"excerpt":{"rendered":"<p>Fall 2023 Publication of the lab first research article. Corticotropin-releasing hormone signaling from prefrontal cortex to lateral septum suppresses interaction with familiar mice. Noelia Sofia de Le\u00f3n Reyes, Paula Sierra D\u00edaz, Ramon Nogueira, Antonia Ruiz-Pino, Yuki Nomura, Christopher de Solis, Jay Schulkin, Arun Asok, F\u00e9lix Leroy Cell. 2023. doi:10.1016\/j.cell.2023.08.010 Radio interview on local radio in &hellip; <\/p>\n<p class=\"link-more\"><a href=\"https:\/\/felix-leroy.com\/index.php\/news\/\" class=\"more-link\">Continue reading<span class=\"screen-reader-text\"> &#8220;News&#8221;<\/span><\/a><\/p>\n","protected":false},"author":1,"featured_media":0,"parent":0,"menu_order":0,"comment_status":"closed","ping_status":"closed","template":"","meta":{"footnotes":""},"class_list":["post-167","page","type-page","status-publish","hentry"],"_links":{"self":[{"href":"https:\/\/felix-leroy.com\/index.php\/wp-json\/wp\/v2\/pages\/167","targetHints":{"allow":["GET"]}}],"collection":[{"href":"https:\/\/felix-leroy.com\/index.php\/wp-json\/wp\/v2\/pages"}],"about":[{"href":"https:\/\/felix-leroy.com\/index.php\/wp-json\/wp\/v2\/types\/page"}],"author":[{"embeddable":true,"href":"https:\/\/felix-leroy.com\/index.php\/wp-json\/wp\/v2\/users\/1"}],"replies":[{"embeddable":true,"href":"https:\/\/felix-leroy.com\/index.php\/wp-json\/wp\/v2\/comments?post=167"}],"version-history":[{"count":17,"href":"https:\/\/felix-leroy.com\/index.php\/wp-json\/wp\/v2\/pages\/167\/revisions"}],"predecessor-version":[{"id":381,"href":"https:\/\/felix-leroy.com\/index.php\/wp-json\/wp\/v2\/pages\/167\/revisions\/381"}],"wp:attachment":[{"href":"https:\/\/felix-leroy.com\/index.php\/wp-json\/wp\/v2\/media?parent=167"}],"curies":[{"name":"wp","href":"https:\/\/api.w.org\/{rel}","templated":true}]}}